 and 399?
57
Calculate the greatest common divisor of 11032 and 56.
56
What is the greatest common divisor of 10 and 440?
10
Calculate the highest common factor of 70 and 14.
14
Calculate the highest common divisor of 2 and 2654.
2
What is the greatest common factor of 34 and 1666?
34
Calculate the highest common factor of 39311 and 19.
19
What is the greatest common divisor of 9 and 9?
9
What is the greatest common factor of 21 and 1841?
7
What is the highest common factor of 72 and 352?
8
What is the highest common factor of 13 and 949?
13
Calculate the highest common divisor of 344 and 32.
8
Calculate the greatest common factor of 43 and 5504.
43
Calculate the greatest common factor of 45021 and 387.
129
What is the greatest common factor of 692 and 20?
4
Calculate the highest common factor of 106 and 742.
106
What is the greatest common divisor of 24 and 10?
2
Calculate the highest common divisor of 750 and 2850.
150
What is the greatest common factor of 1015 and 105?
35
Calculate the highest common factor of 50 and 60.
10
What is the greatest common divisor of 315 and 30?
15
What is the greatest common factor of 2415 and 138?
69
Calculate the greatest common divisor of 441 and 36.
9
What is the greatest common factor of 32 and 12?
4
Calculate the highest common factor of 2793 and 539.
49
What is the highest common factor of 100 and 780?
20
Calculate the greatest common divisor of 187 and 22.
11
Calculate the greatest common factor of 122 and 6649.
61
What is the greatest common factor of 4968 and 297?
27
What is the greatest common divisor of 27 and 279?
9
Calculate the highest common divisor of 777 and 3219.
111
What is the greatest common factor of 419 and 1?
1
What is the highest common divisor of 1095 and 30?
15
What is the greatest common factor of 16 and 256?
16
What is the highest common divisor of 1 and 59?
1
Calculate the highest common divisor of 95 and 114.
19
Calculate the greatest common divisor of 189 and 279.
9
Calculate the greatest common divisor of 54 and 24.
6
Calculate the greatest common divisor of 30 and 5540.
10
Calculate the highest common divisor of 12 and 372.
12
What is the highest common divisor of 1088 and 68?
68
Calculate the greatest common factor of 15246 and 27.
9
What is the greatest common factor of 418 and 114?
38
What is the greatest common factor of 91 and 1547?
91
Calculate the greatest common divisor of 21 and 714.
21
Calculate the highest common factor of 848 and 16.
16
Calculate the highest common divisor of 126 and 441.
63
Calculate the highest common factor of 207 and 45.
9
What is the greatest common divisor of 566 and 60845?
283
What is the greatest common factor of 156 and 403?
13
What is the greatest common divisor of 696 and 96?
24
Calculate the highest common divisor of 20 and 430.
10
What is the greatest common divisor of 126 and 1680?
42
What is the greatest common factor of 60 and 105?
15
What is the highest common factor of 23157 and 465?
93
Calculate the highest common divisor of 10738 and 182.
182
What is the greatest common divisor of 1744 and 16?
16
What is the highest common divisor of 28 and 476?
28
What is the greatest common factor of 1125 and 25?
25
What is the highest common factor of 48 and 12?
12
What is the greatest common factor of 342 and 27?
9
What is the highest common factor of 1296 and 16?
16
What is the greatest common divisor of 8 and 108?
4
Calculate the highest common divisor of 30 and 8730.
30
Calculate the greatest common factor of 230 and 23.
23
What is the greatest common divisor of 340 and 40?
20
What is the greatest common factor of 56 and 856?
8
Calculate the highest common divisor of 256 and 608.
32
What is the highest common factor of 208 and 13?
13
Calculate the greatest common divisor of 209 and 38.
19
Calculate the highest common divisor of 128 and 192.
64
Calculate the greatest common divisor of 476 and 28.
28
Calculate the highest common divisor of 198 and 39.
3
Calculate the highest common divisor of 8 and 199.
1
Calculate the highest common factor of 220 and 6930.
110
What is the highest common factor of 1 and 151?
1
Calculate the highest common factor of 55 and 77.
11
What is the greatest common factor of 76 and 57?
19
Calculate the greatest common factor of 39 and 949.
13
Calculate the greatest common divisor of 190 and 1102.
38
Calculate the greatest common divisor of 136 and 7276.
68
Calculate the highest common divisor of 28 and 63.
7
Calculate the greatest common divisor of 329 and 611.
47
Calculate the highest common divisor of 4 and 398.
2
What is the highest common divisor of 42 and 3304?
14
What is the highest common factor of 294 and 24?
6
Calculate the greatest common factor of 560 and 196.
28
What is the greatest common factor of 2295 and 27?
27
What is the highest common factor of 5 and 2765?
5
What is the highest common factor of 632 and 237?
79
What is the highest common divisor of 31 and 8?
1
What is the highest common divisor of 57 and 19?
19
What is the greatest common factor of 1100 and 12925?
275
Calculate the highest common divisor of 2040 and 120.
120
Calculate the greatest common divisor of 17 and 391.
17
What is the highest common factor of 7392 and 84?
84
What is the greatest common divisor of 121 and 5?
1
Calculate the greatest common factor of 1820 and 500.
20
What is the greatest common divisor of 12 and 426?
6
What is the highest common factor of 54 and 2934?
18
Calculate the highest common factor of 18032 and 8.
8
Calculate the greatest common factor of 304 and 190.
38
Calculate the greatest common divisor of 301 and 105.
7
Calculate the greatest common divisor of 220 and 500.
20
What is the highest common divisor of 142 and 16543?
71
What is the greatest common factor of 1675 and 250?
25
Calculate the highest common divisor of 459 and 144.
9
What is the highest common divisor of 48 and 84?
12
What is the greatest common factor of 299 and 13?
13
What is the highest common divisor of 377 and 2581?
29
What is the greatest common divisor of 3 and 29?
1
What is the greatest common divisor of 210 and 84?
42
What is the greatest common factor of 56 and 126?
14
Calculate the greatest common divisor of 52 and 260.
52
Calculate the greatest common divisor of 14 and 98.
14
What is the highest common factor of 11 and 17677?
11
Calculate the highest common factor of 75 and 10.
5
What is the highest common divisor of 200 and 72?
8
Calculate the highest common factor of 120 and 2020.
20
Calculate the greatest common divisor of 803 and 73.
73
Calculate the highest common divisor of 96 and 6.
6
What is the greatest common divisor of 103 and 23381?
103
What is the greatest common divisor of 35 and 2005?
5
What is the greatest common divisor of 1945 and 10?
5
Calculate the greatest common divisor of 28 and 994.
14
What is the highest common divisor of 21 and 77?
7
What is the greatest common divisor of 31 and 30070?
31
Calculate the greatest common factor of 11420 and 80.
20
Calculate the greatest common factor of 200 and 250.
50
Calculate the greatest common divisor of 120 and 300.
60
Calculate the greatest common divisor of 162 and 18.
18
Calculate the highest common divisor of 78 and 1131.
39
What is the highest common divisor of 59 and 7?
1
Calculate the greatest common divisor of 5013 and 63.
9
Calculate the greatest common factor of 174 and 464.
58
Calculate the highest common divisor of 472 and 59.
59
Calculate the greatest common divisor of 681 and 18.
3
What is the greatest common factor of 30 and 10470?
30
What is the highest common divisor of 1120 and 10?
10
Calculate the highest common divisor of 800 and 125.
25
What is the highest common factor of 385 and 70?
35
What is the highest common divisor of 237 and 4898?
79
Calculate the greatest common factor of 30 and 435.
15
What is the highest common divisor of 6 and 34?
2
Calculate the greatest common factor of 27 and 873.
9
What is the greatest common factor of 3 and 4449?
3
What is the highest common divisor of 868 and 140?
28
Calculate the greatest common factor of 57 and 42351.
57
What is the greatest common factor of 189 and 42?
21
What is the highest common factor of 45 and 27?
9
Calculate the highest common factor of 205 and 24805.
205
Calculate the greatest comm